of 7 and 1009?
1
Calculate the greatest common divisor of 20 and 991585.
5
Calculate the greatest common divisor of 351 and 3978.
117
What is the highest common divisor of 97570 and 12418?
1774
Calculate the highest common factor of 2500 and 24800.
100
What is the highest common divisor of 7 and 1097411?
7
What is the highest common divisor of 204 and 101280?
12
Calculate the greatest common divisor of 3006520 and 55.
55
Calculate the highest common divisor of 43622 and 136.
34
Calculate the greatest common divisor of 46129 and 849.
283
What is the greatest common divisor of 21174 and 174?
6
Calculate the highest common factor of 182 and 1064.
14
Calculate the highest common factor of 2466800 and 200.
200
Calculate the highest common divisor of 300 and 183165.
15
What is the greatest common factor of 1078 and 704?
22
Calculate the highest common divisor of 7049 and 35777.
133
Calculate the highest common factor of 726 and 41646.
66
Calculate the greatest common factor of 728 and 3029.
13
What is the greatest common divisor of 396 and 138636?
36
Calculate the highest common factor of 3757919 and 11.
11
What is the highest common divisor of 16 and 915?
1
What is the highest common factor of 132297 and 726?
33
Calculate the greatest common divisor of 900 and 28900.
100
Calculate the greatest common factor of 42 and 308514.
6
Calculate the greatest common divisor of 648 and 13068.
108
Calculate the greatest common factor of 816269 and 86.
43
Calculate the greatest common divisor of 203 and 3017.
7
What is the highest common divisor of 240 and 77640?
120
What is the greatest common factor of 1056704 and 3971?
209
What is the greatest common divisor of 21353 and 4192?
131
Calculate the greatest common divisor of 2150901 and 261.
261
Calculate the highest common factor of 105 and 812315.
35
Calculate the highest common factor of 3888 and 816.
48
What is the greatest common factor of 111444 and 28614?
1506
What is the highest common divisor of 41742 and 486?
54
What is the highest common divisor of 299 and 6647?
23
Calculate the highest common divisor of 162880 and 40.
40
Calculate the highest common factor of 964 and 6964.
4
Calculate the greatest common factor of 12582 and 932.
466
What is the highest common factor of 27496 and 224?
56
What is the greatest common divisor of 294732 and 84?
12
What is the highest common divisor of 20472 and 24?
24
What is the highest common divisor of 5085 and 14125?
565
Calculate the highest common factor of 1701 and 807489.
243
Calculate the greatest common factor of 33045 and 105.
15
What is the greatest common divisor of 31140 and 15051?
519
Calculate the greatest common factor of 565274 and 654.
218
Calculate the highest common divisor of 729 and 23139.
27
What is the greatest common divisor of 837228 and 294?
42
What is the greatest common factor of 7290 and 885?
15
What is the greatest common divisor of 190330 and 315?
35
Calculate the greatest common divisor of 1352 and 8957.
169
Calculate the highest common divisor of 12336143 and 179.
179
What is the highest common divisor of 10950 and 475?
25
Calculate the highest common factor of 7489944 and 193.
193
Calculate the highest common factor of 448 and 74976.
32
Calculate the highest common divisor of 1187100 and 2520.
180
What is the greatest common factor of 157720 and 16?
8
Calculate the greatest common factor of 723546 and 36.
18
What is the greatest common divisor of 12 and 59104?
4
Calculate the highest common divisor of 32181 and 255.
51
What is the greatest common divisor of 3726 and 115299?
207
What is the highest common divisor of 297 and 122697?
9
Calculate the greatest common divisor of 611296 and 14.
14
Calculate the highest common divisor of 96230 and 230.
10
Calculate the highest common factor of 49 and 4739.
7
What is the highest common factor of 441 and 144756?
9
Calculate the highest common factor of 1446613 and 658.
329
What is the highest common divisor of 268750 and 344?
86
Calculate the greatest common divisor of 5382 and 558.
18
What is the highest common factor of 676020 and 40324?
2372
Calculate the highest common factor of 108 and 34227.
9
What is the highest common factor of 459 and 272799?
153
What is the greatest common factor of 4488 and 4092?
132
What is the greatest common factor of 4926846 and 222?
222
Calculate the greatest common factor of 11834 and 291.
97
What is the greatest common divisor of 47372 and 208?
52
Calculate the greatest common factor of 2 and 504578.
2
Calculate the highest common divisor of 63 and 9819.
9
Calculate the highest common factor of 10266 and 6786.
174
What is the greatest common factor of 70 and 93110?
10
Calculate the highest common divisor of 6549 and 33.
3
Calculate the highest common divisor of 15 and 722345.
5
Calculate the greatest common factor of 3800 and 1600.
200
Calculate the highest common divisor of 58 and 1302.
2
Calculate the highest common factor of 2508 and 11172.
228
What is the greatest common factor of 28 and 47502?
14
What is the highest common factor of 176 and 421616?
16
Calculate the highest common factor of 91 and 2065.
7
What is the greatest common divisor of 30872 and 10268?
68
What is the greatest common factor of 145 and 1775786?
29
Calculate the greatest common factor of 2882 and 726.
22
What is the greatest common divisor of 34 and 233495?
17
Calculate the highest common factor of 2712 and 8392962.
678
Calculate the highest common divisor of 225 and 7407.
9
What is the highest common factor of 236344 and 248?
248
What is the highest common divisor of 108 and 25947?
27
Calculate the greatest common divisor of 22 and 58333.
11
Calculate the greatest common divisor of 52173 and 112761.
1683
What is the highest common divisor of 3130 and 2770?
10
What is the greatest common divisor of 6 and 1268532?
6
What is the greatest common factor of 63 and 32711?
7
What is the highest common factor of 26619 and 4560?
57
Calculate the highest common factor of 82 and 2224127.
41
What is the highest common divisor of 1484 and 3498?
106
Calculate the highest common divisor of 2472 and 888.
24
Calculate the highest common divisor of 99 and 18733.
11
What is the highest common factor of 42345 and 90?
45
What is the greatest common factor of 227571 and 93?
93
What is the highest common factor of 102 and 1416?
6
What is the greatest common divisor of 68 and 440708?
68
Calculate the greatest common factor of 17927 and 637.
91
Calculate the highest common factor of 6 and 26991.
3
Calculate the highest common divisor of 78610 and 350.
70
Calculate the greatest common factor of 1646867 and 118.
59
Calculate the highest common factor of 3317 and 496.
31
Calculate the greatest common factor of 34505 and 24720.
515
What is the greatest common factor of 2941 and 85?
17
Calculate the greatest common factor of 464655 and 165.
15
Calculate the highest common factor of 376 and 21526.
94
What is the greatest common factor of 986 and 40460?
34
What is the highest common divisor of 231 and 102228?
21
Calculate the greatest common factor of 254586 and 3934.
562
What is the greatest common factor of 3586 and 506?
22
Calculate the greatest common divisor of 99616 and 288.
32
What is the greatest common factor of 81956 and 2408?
28
Calculate the greatest common divisor of 714560 and 232.
232
What is the highest common factor of 1775772 and 36?
36
Calculate the highest common factor of 44 and 82632.
44
What is the highest common factor of 9219 and 21?
21
Calculate the highest common divisor of 1316 and 189.
7
Calculate the greatest common divisor of 175 and 12963475.
175
What is the highest common divisor of 304 and 2375?
19
What is the highest common factor of 847 and 3751?
121
Calculate the highest common factor of 357 and 24837.
51
Calculate the greatest common factor of 61575 and 975.
75
What is the greatest common divisor of 38419 and 1865?
373
What is the greatest common factor of 26445 and 21285?
645
What is the highest common divisor of 5341 and 4312?
49
Calculate the highest common factor of 805304 and 1720.
344
Calculate the greatest common divisor of 82260 and 3105.
45
What is the highest common divisor of 3180 and 132360?
60
Calculate the greatest common divisor of 538461 and 196.
49
What is th